0121 (base 3) to base 9
-117
Convert -1022 (base 3) to base 5.
-120
Convert 60 (base 14) to base 8.
124
Convert 3012 (base 4) to base 9.
240
What is 3a (base 16) in base 11?
53
4 (base 12) to base 7
4
Convert -3 (base 4) to base 16.
-3
-5 (base 7) to base 6
-5
What is -101 (base 5) in base 12?
-22
13 (base 10) to base 5
23
3 (base 6) to base 9
3
Convert -c6 (base 14) to base 10.
-174
-327 (base 9) to base 13
-178
Convert -10 (base 11) to base 5.
-21
-121 (base 3) to base 8
-20
What is 11 (base 4) in base 12?
5
2 (base 15) to base 3
2
What is -8 (base 16) in base 12?
-8
What is 2001 (base 3) in base 6?
131
What is 1 (base 11) in base 2?
1
Convert -5 (base 7) to base 8.
-5
Convert -9 (base 10) to base 9.
-10
-41 (base 10) to base 2
-101001
What is -3 (base 12) in base 15?
-3
Convert -3 (base 15) to base 10.
-3
What is -100 (base 3) in base 2?
-1001
Convert 11 (base 4) to base 2.
101
What is 8 (base 13) in base 5?
13
Convert 6b (base 13) to base 12.
75
-1 (base 3) to base 10
-1
Convert 101 (base 7) to base 2.
110010
Convert -8 (base 16) to base 12.
-8
Convert 5 (base 11) to base 2.
101
2 (base 15) to base 4
2
What is 6 (base 7) in base 9?
6
What is 2 (base 11) in base 5?
2
What is -4 (base 12) in base 6?
-4
What is -120 (base 4) in base 10?
-24
Convert 21 (base 8) to base 2.
10001
What is 27 (base 10) in base 5?
102
Convert -23 (base 7) to base 2.
-10001
Convert 111 (base 2) to base 12.
7
1 (base 15) to base 12
1
105 (base 8) to base 5
234
Convert 3a (base 15) to base 11.
50
What is 1311 (base 5) in base 2?
11001110
What is 2 (base 14) in base 13?
2
What is -13 (base 10) in base 5?
-23
3 (base 16) to base 9
3
Convert -5 (base 6) to base 16.
-5
What is 2 (base 13) in base 11?
2
-ab (base 12) to base 13
-a1
What is 4 (base 5) in base 9?
4
-13 (base 14) to base 16
-11
Convert -2 (base 13) to base 12.
-2
-12 (base 15) to base 2
-10001
What is -52 (base 6) in base 8?
-40
What is -2 (base 3) in base 11?
-2
What is -105 (base 11) in base 16?
-7e
What is 24 (base 5) in base 3?
112
Convert -33 (base 10) to base 7.
-45
Convert -47 (base 14) to base 13.
-4b
111 (base 2) to base 4
13
What is -2 (base 13) in base 16?
-2
11 (base 2) to base 4
3
What is 2 (base 3) in base 15?
2
120112 (base 3) to base 15
1ce
Convert -36 (base 14) to base 6.
-120
What is 15 (base 11) in base 9?
17
0 (base 6) to base 7
0
-11 (base 8) to base 9
-10
Convert -bb (base 12) to base 7.
-263
-10000110 (base 2) to base 9
-158
Convert 4 (base 9) to base 16.
4
What is -230 (base 6) in base 11?
-82
What is -14 (base 7) in base 13?
-b
-10 (base 2) to base 14
-2
What is 3 (base 9) in base 14?
3
Convert -3 (base 14) to base 6.
-3
-5 (base 6) to base 4
-11
Convert 0 (base 16) to base 6.
0
Convert 12 (base 9) to base 12.
b
Convert -3 (base 7) to base 6.
-3
What is -5 (base 14) in base 3?
-12
1 (base 9) to base 16
1
What is 2 (base 14) in base 12?
2
What is 10 (base 12) in base 5?
22
5 (base 6) to base 14
5
What is -153 (base 12) in base 16?
-cf
Convert 9 (base 10) to base 3.
100
Convert 1 (base 13) to base 7.
1
What is 1101010 (base 2) in base 13?
82
-2e (base 15) to base 13
-35
What is -101 (base 3) in base 15?
-a
Convert -22221 (base 3) to base 11.
-1aa
What is -115 (base 7) in base 4?
-331
What is -101 (base 2) in base 10?
-5
Convert -3 (base 11) to base 9.
-3
What is 1100110 (base 2) in base 5?
402
34 (base 5) to base 11
18
What is -25 (base 6) in base 14?
-13
Convert -1 (base 12) to base 10.
-1
0 (base 9) to base 10
0
What is -7 (base 8) in base 11?
-7
Convert 2 (base 9) to base 13.
2
What is 1 (base 5) in base 12?
1
What is -112 (base 10) in base 8?
-160
What is 12 (base 4) in base 5?
11
What is -2 (base 13) in base 11?
-2
What is -2 (base 9) in base 6?
-2
11 (base 7) to base 11
8
2 (base 10) to base 5
2
Convert 3 (base 5) to base 9.
3
What is -2 (base 7) in base 14?
-2
Convert -5 (base 10) to base 6.
-5
What is 0 (base 8) in base 4?
0
-1 (base 10) to base 8
-1
Convert 0 (base 3) to base 9.
0
Convert 13 (base 5) to base 15.
8
-101 (base 2) to base 14
-5
What is -10 (base 2) in base 5?
-2
Convert -110110 (base 2) to base 8.
-66
Convert -7 (base 9) to base 5.
-12
2 (base 10) to base 6
2
Convert -aa (base 15) to base 16.
-a0
-1 (base 4) to base 10
-1
100011 (base 2) to base 13
29
-1 (base 7) to base 5
-1
-1 (base 16) to base 3
-1
Convert 46 (base 16) to base 7.
130
Convert -14 (base 9) to base 13.
-10
What is 60 (base 7) in base 15?
2c
Convert 1b (base 12) to base 5.
43
What is -1 (base 2) in base 9?
-1
What is 7 (base 10) in base 14?
7
-12 (base 15) to base 9
-18
Convert c (base 15) to base 4.
30
What is 2 (base 7) in base 8?
2
What is c (base 16) in base 2?
1100
Convert 2 (base 10) to base 2.
10
Convert 9 (base 13) to base 16.
9
Convert -5 (base 11) to base 6.
-5
-4 (base 15) to base 10
-4
What is -24 (base 10) in base 15?
-19
Convert 10 (base 6) to base 12.
6
Convert -15 (base 13) to base 9.
-20
-154 (base 11) to base 3
-20200
What is 16 (base 10) in base 8?
20
What is c (base 15) in base 8?
14
9 (base 11) to base 7
12
-39 (base 13) to base 6
-120
173 (base 10) to base 9
212
What is 39 (base 11) in base 12?
36
Convert -2211 (base 3) to base 13.
-5b
Convert 5 (base 14) to base 9.
5
Convert -3 (base 13) to base 8.
-3
Convert -228 (base 11) to base 10.
-272
Convert -1 (base 2) to base 11.
-1
-102 (base 3) to base 7
-14
1000 (base 2) to base 15
8
3 (base 10) to base 7
3
Convert 101101 (base 2) to base 13.
36
What is 15 (base 9) in base 13?
11
-84 (base 13) to base 11
-99
Convert 52 (base 11) to base 12.
49
Convert 9 (base 12) to base 8.
11
What is -5 (base 13) in base 3?
-12
What is 7 (base 11) in base 14?
7
Convert 100 (base 3) to base 16.
9
-1 (base 4) to base 11
-1
0 (base 5) to base 9
0
Convert -152 (base 9) to base 10.
-128
What is 123 (base 6) in base 16?
33
What is -b3 (base 16) in base 11?
-153
What is -11011 (base 2) in base 3?
-1000
What is -11 (base 2) in base 9?
-3
-82 (base 10) to base 9
-101
What is -24 (base 11) in base 6?
-42
Convert -13 (base 5) to base 10.
-8
What is 100001100 (base 2) in base 7?
532
-5 (base 6) to base 11
-5
-10 (base 5) to base 11
-5
6 (base 16) to base 6
10
What is -5 (base 14) in base 12?
-5
What is -121 (base 8) in base 3?
-10000
Convert 354 (base 8) to base 11.
1a5
-101010 (base 2) to base 12
-36
-1100 (base 3) to base 5
-121
Convert 74 (base 13) to base 9.
115
Convert 101022 (base 3) to base 12.
1b2
1233 (base 4) to base 10
111
10010111 (base 2) to base 6
411
What is -32 (base 7) in base 4?
-113
1a (base 15) to base 2
11001
What is -346 (base 10) in base 6?
-1334
What is -1 (base 3) in base 8?
-1
-1e (base 16) to base 7
-42
What is -3 (base 15) in base 16?
-3
-4 (base 14) to base 7
-4
Convert 15 (base 14) to base 15.
14
-177 (base 8) to base 3
-11201
What is -1 (base 6) in base 3?
-1
Convert 51 (base 7) to base 13.
2a
Convert -21 (base 3) to base 14.
-7
123 (base 15) to base 4
10002
Convert -146 (base 10) to base 13.
-b3
What is aa (base 12) in base 7?
244
-19 (base 15) to base 9
-26
Convert -110011 (base 2) to base 14.
-39
-433 (base 8) to base 9
-344
-232 (base 4) to base 2
-101110
-1 (base 4) to base 10
-1
What is 2 (base 10) in base 3?
2
What is 100 (base 3) in base 12?
9
What is -110 (base 2) in base 9?
-6
2 (base 6) to base 2
10
53 (base 12) to base 9
70
Convert -1 (base 11) to base 14.
-1
Convert -111 (base 2) to base 6.
-11
Convert 2 (base 8) to base 9.
2
-20 (base 6) to base 12
-10
Convert 44 (base 10) to base 3.
1122
Convert 165 (base 13) to base 8.
374
-1 (base 6) to base 10
-1
What is 7 (base 10) in base 3?
21
What is 15 (base 8) in base 3?
111
What is -8 (base 14) in base 13?
-8
-100110101 (base 2) to base 11
-261
14 (base 6) to base 12
a
What is -b (base 15) in base 7?
-14
3 (base 12) to base 11
3
1e (base 16) to base 6
50
What is -404 (base 5) in base 8?
-150
Convert -7 (base 12) to base 16.
-7
Convert e (base 15) to base 9.
15
Convert -10 (base 3) to base 14.
-3
What is 2 (base 15) in base 9?
2
What is -11 (base 2) in base 7?
-3
-c (base 15) to base 6
-20
Convert -30 (base 9) to base 12.
-23
What is 85 (base 13) in base 14?
7b
Convert 101 (base 3) to base 14.
a
What is -13b (base 14) in base 3?
-100020
Convert 0 (base 12) to base 4.
0
Convert -116 (base 7) to base 12.
-52
-54 (base 10) to base 4
-312
Convert -24 (base 8) to base 7.